[INFO] cloning repository https://github.com/mikhail-krainik/assignment_logic
[INFO] running `Command { std: "git" "-c" "credential.helper=" "-c" "credential.helper=/workspace/cargo-home/bin/git-credential-null" "clone" "--bare" "https://github.com/mikhail-krainik/assignment_logic" "/workspace/cache/git-repos/https%3A%2F%2Fgithub.com%2Fmikhail-krainik%2Fassignment_logic", kill_on_drop: false }`
[INFO] [stderr] Cloning into bare repository '/workspace/cache/git-repos/https%3A%2F%2Fgithub.com%2Fmikhail-krainik%2Fassignment_logic'...
[INFO] running `Command { std: "git" "rev-parse" "HEAD", kill_on_drop: false }`
[INFO] [stdout] 8753e57a96d1c84830202587aa7ab6548ba5b5ba
[INFO] checking mikhail-krainik/assignment_logic against master#af3c6e733a40e671550e0f0f5aeecaa13772ba56 for pr-74989
[INFO] running `Command { std: "git" "clone" "/workspace/cache/git-repos/https%3A%2F%2Fgithub.com%2Fmikhail-krainik%2Fassignment_logic" "/workspace/builds/worker-12/source", kill_on_drop: false }`
[INFO] [stderr] Cloning into '/workspace/builds/worker-12/source'...
[INFO] [stderr] done.
[INFO] validating manifest of git repo https://github.com/mikhail-krainik/assignment_logic on toolchain af3c6e733a40e671550e0f0f5aeecaa13772ba56
[INFO] running `Command { std: "/workspace/cargo-home/bin/cargo" "+af3c6e733a40e671550e0f0f5aeecaa13772ba56" "read-manifest" "--manifest-path" "Cargo.toml", kill_on_drop: false }`
[INFO] started tweaking git repo https://github.com/mikhail-krainik/assignment_logic
[INFO] finished tweaking git repo https://github.com/mikhail-krainik/assignment_logic
[INFO] tweaked toml for git repo https://github.com/mikhail-krainik/assignment_logic written to /workspace/builds/worker-12/source/Cargo.toml
[INFO] crate git repo https://github.com/mikhail-krainik/assignment_logic already has a lockfile, it will not be regenerated
[INFO] running `Command { std: "/workspace/cargo-home/bin/cargo" "+af3c6e733a40e671550e0f0f5aeecaa13772ba56" "fetch" "--locked" "--manifest-path" "Cargo.toml", kill_on_drop: false }`
[INFO] [stderr] error: the lock file /workspace/builds/worker-12/source/Cargo.lock needs to be updated but --locked was passed to prevent this
[INFO] [stderr] If you want to try to generate the lock file without accessing the network, use the --offline flag.
[INFO] the lockfile is outdated, regenerating it
[INFO] running `Command { std: "/workspace/cargo-home/bin/cargo" "+af3c6e733a40e671550e0f0f5aeecaa13772ba56" "generate-lockfile" "--manifest-path" "Cargo.toml" "-Zno-index-update", kill_on_drop: false }`
[INFO] running `Command { std: "/workspace/cargo-home/bin/cargo" "+af3c6e733a40e671550e0f0f5aeecaa13772ba56" "fetch" "--locked" "--manifest-path" "Cargo.toml", kill_on_drop: false }`
[INFO] running `Command { std: "docker" "create" "-v" "/var/lib/crater-agent-workspace/builds/worker-12/target:/opt/rustwide/target:rw,Z" "-v" "/var/lib/crater-agent-workspace/builds/worker-12/source:/opt/rustwide/workdir:ro,Z" "-v" "/var/lib/crater-agent-workspace/cargo-home:/opt/rustwide/cargo-home:ro,Z" "-v" "/var/lib/crater-agent-workspace/rustup-home:/opt/rustwide/rustup-home:ro,Z" "-e" "SOURCE_DIR=/opt/rustwide/workdir" "-e" "CARGO_TARGET_DIR=/opt/rustwide/target" "-e" "CARGO_HOME=/opt/rustwide/cargo-home" "-e" "RUSTUP_HOME=/opt/rustwide/rustup-home" "-w" "/opt/rustwide/workdir" "-m" "1610612736" "--user" "0:0" "--network" "none" "rustops/crates-build-env@sha256:d92eaeed33fa75130ca1ee6c8a01d1ffb62bac859dfdfb3450e3e5d1c0146529" "/opt/rustwide/cargo-home/bin/cargo" "+af3c6e733a40e671550e0f0f5aeecaa13772ba56" "metadata" "--no-deps" "--format-version=1", kill_on_drop: false }`
[INFO] [stdout] 034ae2a8143022c6813b9bd60f60aebad46944bbe98de0809ef282d7e94102b6
[INFO] [stderr] WARNING: Your kernel does not support swap limit capabilities or the cgroup is not mounted. Memory limited without swap.
[INFO] running `Command { std: "docker" "start" "-a" "034ae2a8143022c6813b9bd60f60aebad46944bbe98de0809ef282d7e94102b6", kill_on_drop: false }`
[INFO] running `Command { std: "docker" "inspect" "034ae2a8143022c6813b9bd60f60aebad46944bbe98de0809ef282d7e94102b6", kill_on_drop: false }`
[INFO] running `Command { std: "docker" "rm" "-f" "034ae2a8143022c6813b9bd60f60aebad46944bbe98de0809ef282d7e94102b6", kill_on_drop: false }`
[INFO] [stdout] 034ae2a8143022c6813b9bd60f60aebad46944bbe98de0809ef282d7e94102b6
[INFO] running `Command { std: "docker" "create" "-v" "/var/lib/crater-agent-workspace/builds/worker-12/target:/opt/rustwide/target:rw,Z" "-v" "/var/lib/crater-agent-workspace/builds/worker-12/source:/opt/rustwide/workdir:ro,Z" "-v" "/var/lib/crater-agent-workspace/cargo-home:/opt/rustwide/cargo-home:ro,Z" "-v" "/var/lib/crater-agent-workspace/rustup-home:/opt/rustwide/rustup-home:ro,Z" "-e" "SOURCE_DIR=/opt/rustwide/workdir" "-e" "CARGO_TARGET_DIR=/opt/rustwide/target" "-e" "CARGO_INCREMENTAL=0" "-e" "RUST_BACKTRACE=full" "-e" "RUSTFLAGS=--cap-lints=forbid" "-e" "CARGO_HOME=/opt/rustwide/cargo-home" "-e" "RUSTUP_HOME=/opt/rustwide/rustup-home" "-w" "/opt/rustwide/workdir" "-m" "1610612736" "--user" "0:0" "--network" "none" "rustops/crates-build-env@sha256:d92eaeed33fa75130ca1ee6c8a01d1ffb62bac859dfdfb3450e3e5d1c0146529" "/opt/rustwide/cargo-home/bin/cargo" "+af3c6e733a40e671550e0f0f5aeecaa13772ba56" "check" "--frozen" "--all" "--all-targets" "--message-format=json", kill_on_drop: false }`
[INFO] [stdout] f499316244688f735154d5b8cde9bc8368eabf72be18c85dc49bc09f80cf3a10
[INFO] [stderr] WARNING: Your kernel does not support swap limit capabilities or the cgroup is not mounted. Memory limited without swap.
[INFO] running `Command { std: "docker" "start" "-a" "f499316244688f735154d5b8cde9bc8368eabf72be18c85dc49bc09f80cf3a10", kill_on_drop: false }`
[INFO] [stderr]     Blocking waiting for file lock on package cache
[INFO] [stderr]    Compiling syn v1.0.41
[INFO] [stderr]    Compiling memchr v2.3.3
[INFO] [stderr]    Compiling log v0.4.11
[INFO] [stderr]    Compiling serde_derive v1.0.116
[INFO] [stderr]     Checking scopeguard v1.1.0
[INFO] [stderr]    Compiling serde v1.0.116
[INFO] [stderr]     Checking copyless v0.1.5
[INFO] [stderr]     Checking object v0.20.0
[INFO] [stderr]     Checking either v1.6.0
[INFO] [stderr]     Checking match_cfg v0.1.0
[INFO] [stderr]     Checking linked-hash-map v0.5.3
[INFO] [stderr]    Compiling failure_derive v0.1.8
[INFO] [stderr]     Checking dtoa v0.4.6
[INFO] [stderr]    Compiling cc v1.0.59
[INFO] [stderr]    Compiling crc32fast v1.2.0
[INFO] [stderr]    Compiling lazy_static v1.4.0
[INFO] [stderr]     Checking opaque-debug v0.3.0
[INFO] [stderr]     Checking cpuid-bool v0.1.2
[INFO] [stderr]     Checking base64 v0.11.0
[INFO] [stderr]    Compiling itoa v0.4.6
[INFO] [stderr]     Checking sha1 v0.6.0
[INFO] [stderr]    Compiling if_chain v1.0.0
[INFO] [stderr]     Checking validator_types v0.11.0
[INFO] [stderr]    Compiling miniz_oxide v0.4.2
[INFO] [stderr]     Checking thread_local v1.0.1
[INFO] [stderr]     Checking tracing-core v0.1.16
[INFO] [stderr]    Compiling num-traits v0.2.12
[INFO] [stderr]    Compiling num-integer v0.1.43
[INFO] [stderr]     Checking bytestring v0.1.5
[INFO] [stderr]    Compiling generic-array v0.14.4
[INFO] [stderr]    Compiling time v0.2.19
[INFO] [stderr]    Compiling cookie v0.14.2
[INFO] [stderr]    Compiling proc-macro-error-attr v1.0.4
[INFO] [stderr]    Compiling proc-macro-error v1.0.4
[INFO] [stderr]     Checking lock_api v0.4.1
[INFO] [stderr]     Checking lru-cache v0.1.2
[INFO] [stderr]     Checking encoding_rs v0.8.24
[INFO] [stderr]    Compiling idna v0.2.0
[INFO] [stderr]     Checking net2 v0.2.35
[INFO] [stderr]     Checking parking_lot_core v0.8.0
[INFO] [stderr]     Checking getrandom v0.1.15
[INFO] [stderr]     Checking hostname v0.3.1
[INFO] [stderr]     Checking socket2 v0.3.15
[INFO] [stderr]     Checking fxhash v0.2.1
[INFO] [stderr]     Checking threadpool v1.8.1
[INFO] [stderr]     Checking resolv-conf v0.6.3
[INFO] [stderr]     Checking mio v0.6.22
[INFO] [stderr]     Checking rand_core v0.5.1
[INFO] [stderr]     Checking parking_lot v0.11.0
[INFO] [stderr]     Checking aho-corasick v0.7.13
[INFO] [stderr]     Checking rand_chacha v0.2.2
[INFO] [stderr]    Compiling url v2.1.1
[INFO] [stderr]     Checking digest v0.9.0
[INFO] [stderr]     Checking block-buffer v0.9.0
[INFO] [stderr]     Checking rand v0.7.3
[INFO] [stderr]     Checking flate2 v1.0.17
[INFO] [stderr]     Checking sha-1 v0.9.1
[INFO] [stderr]    Compiling brotli-sys v0.3.2
[INFO] [stderr]     Checking mio-uds v0.6.8
[INFO] [stderr]     Checking tokio v0.2.22
[INFO] [stderr]     Checking chrono v0.4.15
[INFO] [stderr]     Checking regex v1.3.9
[INFO] [stderr]     Checking backtrace v0.3.50
[INFO] [stderr]     Checking tokio-util v0.3.1
[INFO] [stderr]     Checking tokio-util v0.2.0
[INFO] [stderr]     Checking actix-codec v0.2.0
[INFO] [stderr]     Checking brotli2 v0.3.2
[INFO] [stderr]    Compiling synstructure v0.12.4
[INFO] [stderr]    Compiling pin-project-internal v0.4.23
[INFO] [stderr]    Compiling futures-macro v0.3.5
[INFO] [stderr]    Compiling derive_more v0.99.10
[INFO] [stderr]    Compiling actix-macros v0.1.2
[INFO] [stderr]    Compiling async-trait v0.1.40
[INFO] [stderr]    Compiling enum-as-inner v0.3.3
[INFO] [stderr]    Compiling tracing-attributes v0.1.11
[INFO] [stderr]    Compiling thiserror-impl v1.0.20
[INFO] [stderr]    Compiling time-macros-impl v0.1.1
[INFO] [stderr]    Compiling actix-web-codegen v0.2.2
[INFO] [stderr]    Compiling actix-web-codegen v0.3.0
[INFO] [stderr]    Compiling validator_derive v0.11.0
[INFO] [stderr]     Checking time-macros v0.1.0
[INFO] [stderr]     Checking failure v0.1.8
[INFO] [stderr]     Checking thiserror v1.0.20
[INFO] [stderr]     Checking pin-project v0.4.23
[INFO] [stderr]     Checking futures-util v0.3.5
[INFO] [stderr]     Checking actix-codec v0.3.0
[INFO] [stderr]     Checking tracing v0.1.19
[INFO] [stderr]     Checking actix-threadpool v0.3.3
[INFO] [stderr]     Checking futures-executor v0.3.5
[INFO] [stderr]     Checking actix-service v1.0.6
[INFO] [stderr]     Checking actix-rt v1.1.1
[INFO] [stderr]     Checking h2 v0.2.6
[INFO] [stderr]     Checking futures v0.3.5
[INFO] [stderr]     Checking trust-dns-proto v0.18.0-alpha.2
[INFO] [stderr]     Checking trust-dns-proto v0.19.5
[INFO] [stderr]     Checking actix-utils v2.0.0
[INFO] [stderr]     Checking actix-utils v1.0.6
[INFO] [stderr]     Checking actix-server v1.0.4
[INFO] [stderr]     Checking actix-tls v2.0.0
[INFO] [stderr]     Checking actix-tls v1.0.0
[INFO] [stderr]     Checking actix-testing v1.0.1
[INFO] [stderr]     Checking trust-dns-resolver v0.19.5
[INFO] [stderr]     Checking trust-dns-resolver v0.18.0-alpha.2
[INFO] [stderr]     Checking actix-connect v2.0.0
[INFO] [stderr]     Checking actix-connect v1.0.2
[INFO] [stderr]     Checking serde_json v1.0.57
[INFO] [stderr]     Checking serde_urlencoded v0.6.1
[INFO] [stderr]     Checking actix-router v0.2.4
[INFO] [stderr]     Checking serde_url_params v0.2.0
[INFO] [stderr]     Checking actix-http v1.0.1
[INFO] [stderr]     Checking actix-http v2.0.0
[INFO] [stderr]     Checking validator v0.10.1
[INFO] [stderr]     Checking validator v0.11.0
[INFO] [stderr]    Compiling validator_derive v0.10.1
[INFO] [stderr]     Checking awc v2.0.0
[INFO] [stderr]     Checking awc v1.0.1
[INFO] [stderr]     Checking actix-web v2.0.0
[INFO] [stderr]     Checking actix-web v3.0.1
[INFO] [stderr]     Checking actix-web-validator v1.0.0
[INFO] [stderr]     Checking actix-cors v0.3.0
[INFO] [stderr]     Checking assignment_logic v1.0.0 (/opt/rustwide/workdir)
[INFO] [stdout] warning: unused import: `validator::Validate`
[INFO] [stdout]  --> src/assignment.rs:9:5
[INFO] [stdout]   |
[INFO] [stdout] 9 | use validator::Validate;
[INFO] [stdout]   |     ^^^^^^^^^^^^^^^^^^^
[INFO] [stdout]   |
[INFO] [stdout]   = note: `#[warn(unused_imports)]` on by default
[INFO] [stdout] 
[INFO] [stdout] 
[INFO] [stdout] warning: unused import: `validator::Validate`
[INFO] [stdout]  --> src/assignment.rs:9:5
[INFO] [stdout]   |
[INFO] [stdout] 9 | use validator::Validate;
[INFO] [stdout]   |     ^^^^^^^^^^^^^^^^^^^
[INFO] [stdout]   |
[INFO] [stdout]   = note: `#[warn(unused_imports)]` on by default
[INFO] [stdout] 
[INFO] [stdout] 
[INFO] [stdout] error[E0271]: type mismatch resolving `<CorsFactory as Transform<<impl actix_service::ServiceFactory as actix_service::ServiceFactory>::Service>>::Request == ServiceRequest`
[INFO] [stdout]   --> src/main.rs:22:14
[INFO] [stdout]    |
[INFO] [stdout] 22 |             .wrap(
[INFO] [stdout]    |              ^^^^ expected struct `actix_web::service::ServiceRequest`, found struct `ServiceRequest`
[INFO] [stdout]    |
[INFO] [stdout]    = note: perhaps two different versions of crate `actix_web` are being used?
[INFO] [stdout] 
[INFO] [stdout] 
[INFO] [stdout] error[E0271]: type mismatch resolving `<CorsFactory as Transform<<impl actix_service::ServiceFactory as actix_service::ServiceFactory>::Service>>::Response == ServiceResponse<_>`
[INFO] [stdout]   --> src/main.rs:22:14
[INFO] [stdout]    |
[INFO] [stdout] 22 |             .wrap(
[INFO] [stdout]    |              ^^^^ expected struct `actix_web::service::ServiceResponse`, found struct `ServiceResponse`
[INFO] [stdout]    |
[INFO] [stdout]    = note: expected struct `actix_web::service::ServiceResponse<_>`
[INFO] [stdout]               found struct `ServiceResponse<_>`
[INFO] [stdout]    = note: perhaps two different versions of crate `actix_web` are being used?
[INFO] [stdout] 
[INFO] [stdout] 
[INFO] [stdout] error[E0271]: type mismatch resolving `<CorsFactory as Transform<<impl actix_service::ServiceFactory as actix_service::ServiceFactory>::Service>>::Error == actix_web::Error`
[INFO] [stdout]   --> src/main.rs:22:14
[INFO] [stdout]    |
[INFO] [stdout] 22 |             .wrap(
[INFO] [stdout]    |              ^^^^ expected struct `actix_http::error::Error`, found struct `actix_web::Error`
[INFO] [stdout]    |
[INFO] [stdout]    = note: perhaps two different versions of crate `actix_http` are being used?
[INFO] [stdout] 
[INFO] [stdout] 
[INFO] [stdout] error[E0271]: type mismatch resolving `<<impl actix_service::ServiceFactory as actix_service::ServiceFactory>::Service as actix_web::dev::Service>::Request == actix_web::service::ServiceRequest`
[INFO] [stdout]   --> src/main.rs:22:14
[INFO] [stdout]    |
[INFO] [stdout] 22 |             .wrap(
[INFO] [stdout]    |              ^^^^ expected struct `ServiceRequest`, found struct `actix_web::service::ServiceRequest`
[INFO] [stdout]    |
[INFO] [stdout]    = note: perhaps two different versions of crate `actix_web` are being used?
[INFO] [stdout]    = note: required because of the requirements on the impl of `Transform<<impl actix_service::ServiceFactory as actix_service::ServiceFactory>::Service>` for `CorsFactory`
[INFO] [stdout] 
[INFO] [stdout] 
[INFO] [stdout] error[E0271]: type mismatch resolving `<<impl actix_service::ServiceFactory as actix_service::ServiceFactory>::Service as actix_web::dev::Service>::Response == actix_web::service::ServiceResponse<_>`
[INFO] [stdout]   --> src/main.rs:22:14
[INFO] [stdout]    |
[INFO] [stdout] 22 |             .wrap(
[INFO] [stdout]    |              ^^^^ expected struct `ServiceResponse`, found struct `actix_web::service::ServiceResponse`
[INFO] [stdout]    |
[INFO] [stdout]    = note: expected struct `ServiceResponse<middleware::logger::StreamLog<actix_web::dev::Body>>`
[INFO] [stdout]               found struct `actix_web::service::ServiceResponse<_>`
[INFO] [stdout]    = note: perhaps two different versions of crate `actix_web` are being used?
[INFO] [stdout]    = note: required because of the requirements on the impl of `Transform<<impl actix_service::ServiceFactory as actix_service::ServiceFactory>::Service>` for `CorsFactory`
[INFO] [stdout] 
[INFO] [stdout] 
[INFO] [stdout] error[E0271]: type mismatch resolving `<<impl actix_service::ServiceFactory as actix_service::ServiceFactory>::Service as actix_web::dev::Service>::Error == actix_http::error::Error`
[INFO] [stdout]   --> src/main.rs:22:14
[INFO] [stdout]    |
[INFO] [stdout] 22 |             .wrap(
[INFO] [stdout]    |              ^^^^ expected struct `actix_web::Error`, found struct `actix_http::error::Error`
[INFO] [stdout]    |
[INFO] [stdout]    = note: perhaps two different versions of crate `actix_http` are being used?
[INFO] [stdout]    = note: required because of the requirements on the impl of `Transform<<impl actix_service::ServiceFactory as actix_service::ServiceFactory>::Service>` for `CorsFactory`
[INFO] [stdout] 
[INFO] [stdout] 
[INFO] [stdout] error[E0271]: type mismatch resolving `<CorsFactory as Transform<<impl actix_service::ServiceFactory as actix_service::ServiceFactory>::Service>>::Request == ServiceRequest`
[INFO] [stdout]   --> src/main.rs:22:14
[INFO] [stdout]    |
[INFO] [stdout] 22 |             .wrap(
[INFO] [stdout]    |              ^^^^ expected struct `actix_web::service::ServiceRequest`, found struct `ServiceRequest`
[INFO] [stdout]    |
[INFO] [stdout]    = note: perhaps two different versions of crate `actix_web` are being used?
[INFO] [stdout] 
[INFO] [stdout] 
[INFO] [stdout] error[E0271]: type mismatch resolving `<CorsFactory as Transform<<impl actix_service::ServiceFactory as actix_service::ServiceFactory>::Service>>::Response == ServiceResponse<_>`
[INFO] [stdout]   --> src/main.rs:22:14
[INFO] [stdout]    |
[INFO] [stdout] 22 |             .wrap(
[INFO] [stdout]    |              ^^^^ expected struct `actix_web::service::ServiceResponse`, found struct `ServiceResponse`
[INFO] [stdout]    |
[INFO] [stdout]    = note: expected struct `actix_web::service::ServiceResponse<_>`
[INFO] [stdout]               found struct `ServiceResponse<_>`
[INFO] [stdout]    = note: perhaps two different versions of crate `actix_web` are being used?
[INFO] [stdout] 
[INFO] [stdout] 
[INFO] [stdout] error[E0271]: type mismatch resolving `<CorsFactory as Transform<<impl actix_service::ServiceFactory as actix_service::ServiceFactory>::Service>>::Error == actix_web::Error`
[INFO] [stdout]   --> src/main.rs:22:14
[INFO] [stdout]    |
[INFO] [stdout] 22 |             .wrap(
[INFO] [stdout]    |              ^^^^ expected struct `actix_http::error::Error`, found struct `actix_web::Error`
[INFO] [stdout]    |
[INFO] [stdout]    = note: perhaps two different versions of crate `actix_http` are being used?
[INFO] [stdout] 
[INFO] [stdout] 
[INFO] [stdout] error[E0271]: type mismatch resolving `<<impl actix_service::ServiceFactory as actix_service::ServiceFactory>::Service as actix_web::dev::Service>::Request == actix_web::service::ServiceRequest`
[INFO] [stdout]   --> src/main.rs:22:14
[INFO] [stdout]    |
[INFO] [stdout] 22 |             .wrap(
[INFO] [stdout]    |              ^^^^ expected struct `ServiceRequest`, found struct `actix_web::service::ServiceRequest`
[INFO] [stdout]    |
[INFO] [stdout]    = note: perhaps two different versions of crate `actix_web` are being used?
[INFO] [stdout]    = note: required because of the requirements on the impl of `Transform<<impl actix_service::ServiceFactory as actix_service::ServiceFactory>::Service>` for `CorsFactory`
[INFO] [stdout] 
[INFO] [stdout] 
[INFO] [stdout] error[E0271]: type mismatch resolving `<<impl actix_service::ServiceFactory as actix_service::ServiceFactory>::Service as actix_web::dev::Service>::Response == actix_web::service::ServiceResponse<_>`
[INFO] [stdout]   --> src/main.rs:22:14
[INFO] [stdout]    |
[INFO] [stdout] 22 |             .wrap(
[INFO] [stdout]    |              ^^^^ expected struct `ServiceResponse`, found struct `actix_web::service::ServiceResponse`
[INFO] [stdout]    |
[INFO] [stdout]    = note: expected struct `ServiceResponse<middleware::logger::StreamLog<actix_web::dev::Body>>`
[INFO] [stdout]               found struct `actix_web::service::ServiceResponse<_>`
[INFO] [stdout]    = note: perhaps two different versions of crate `actix_web` are being used?
[INFO] [stdout]    = note: required because of the requirements on the impl of `Transform<<impl actix_service::ServiceFactory as actix_service::ServiceFactory>::Service>` for `CorsFactory`
[INFO] [stdout] 
[INFO] [stdout] 
[INFO] [stdout] error[E0271]: type mismatch resolving `<<impl actix_service::ServiceFactory as actix_service::ServiceFactory>::Service as actix_web::dev::Service>::Error == actix_http::error::Error`
[INFO] [stdout]   --> src/main.rs:22:14
[INFO] [stdout]    |
[INFO] [stdout] 22 |             .wrap(
[INFO] [stdout]    |              ^^^^ expected struct `actix_web::Error`, found struct `actix_http::error::Error`
[INFO] [stdout]    |
[INFO] [stdout]    = note: perhaps two different versions of crate `actix_http` are being used?
[INFO] [stdout]    = note: required because of the requirements on the impl of `Transform<<impl actix_service::ServiceFactory as actix_service::ServiceFactory>::Service>` for `CorsFactory`
[INFO] [stdout] 
[INFO] [stdout] 
[INFO] [stdout] error: aborting due to 6 previous errors; 1 warning emitted
[INFO] [stdout] 
[INFO] [stdout] 
[INFO] [stdout] For more information about this error, try `rustc --explain E0271`.
[INFO] [stdout] 
[INFO] [stderr] error: could not compile `assignment_logic`.
[INFO] [stdout] error: aborting due to 6 previous errors; 1 warning emitted
[INFO] [stdout] 
[INFO] [stdout] 
[INFO] [stderr] 
[INFO] [stdout] For more information about this error, try `rustc --explain E0271`.
[INFO] [stdout] 
[INFO] [stderr] To learn more, run the command again with --verbose.
[INFO] [stderr] warning: build failed, waiting for other jobs to finish...
[INFO] [stderr] error: build failed
[INFO] running `Command { std: "docker" "inspect" "f499316244688f735154d5b8cde9bc8368eabf72be18c85dc49bc09f80cf3a10", kill_on_drop: false }`
[INFO] running `Command { std: "docker" "rm" "-f" "f499316244688f735154d5b8cde9bc8368eabf72be18c85dc49bc09f80cf3a10", kill_on_drop: false }`
[INFO] [stdout] f499316244688f735154d5b8cde9bc8368eabf72be18c85dc49bc09f80cf3a10
